{"id":299,"date":"2025-10-23T11:39:09","date_gmt":"2025-10-23T09:39:09","guid":{"rendered":"https:\/\/www.fecudep.quest\/?page_id=299"},"modified":"2025-10-24T21:10:18","modified_gmt":"2025-10-24T19:10:18","slug":"urgences","status":"publish","type":"page","link":"https:\/\/www.fecudep.quest\/?page_id=299","title":{"rendered":"Urgences"},"content":{"rendered":"<p>Par <strong>urgences<\/strong> nous entendons ici les <strong>situations impactant plusieurs milliers de congolais<\/strong>, qui peuvent \u00eatre r\u00e9solues avec la solidarit\u00e9 de tous les congolais. L&rsquo;apport de chacun peut \u00eatre son expertise dans le domaine, la capacit\u00e9 \u00e0 analyser le probl\u00e8mes et proposer des solutions, l&rsquo;aide logistique, etc. Nous demandons \u00e0 tous les congolais (<strong>Congo-Brazzaville<\/strong>) de nous faire parvenir les situations d&rsquo;urgences pour diss\u00e9mination et <strong>recherche <span style=\"text-decoration: underline;\">consensuelle<\/span> de solutions<\/strong>. Les probl\u00e8mes seront d\u00e9battus en groupes priv\u00e9s sp\u00e9cialis\u00e9s, afin d&rsquo;avoir des d\u00e9bats de qualit\u00e9.<\/p>\n<ul>\n<li>Tous les probl\u00e8mes retenus seront <strong>formalis\u00e9s sous formes de projets.<\/strong><\/li>\n<li><strong> Chaque groupe de discussions sera g\u00e9r\u00e9 de mani\u00e8re d\u00e9mocratique. <\/strong><\/li>\n<li><strong>Les\u00a0 membres <\/strong>de chaque groupe <strong>\u00e9liront <\/strong>leurs pairs pour <strong>administrer les groupes<\/strong> de discussions et groupes projets qui seront mis en place.<\/li>\n<\/ul>\n<p><strong>Pour la R\u00e9publique du Congo, je m&rsquo;engage!<\/strong><\/p>\n<p>Liste des projets identifi\u00e9s (sera mise \u00e0 jour au fur et \u00e0 mesure)<\/p>\n<div class=\"n2_ss_slider_publish__option_description\">et pages :<\/div>\n<div class=\"n2_ss_slider_publish__option_code\" dir=\"ltr\" data-mode=\"id\">[wfp-forms form-id=\u00a0\u00bb329&Prime; form-style=\u00a0\u00bball_fields\u00a0\u00bb modal=\u00a0\u00bbNo\u00a0\u00bb]<\/div>\n<p>&nbsp;<\/p>\n","protected":false},"excerpt":{"rendered":"<p>Par urgences nous entendons ici les situations impactant plusieurs milliers de congolais, qui peuvent \u00eatre r\u00e9solues avec la solidarit\u00e9 de tous les congolais. L&rsquo;apport de chacun peut \u00eatre son expertise dans le domaine, la capacit\u00e9 \u00e0 analyser le probl\u00e8mes et proposer des solutions, l&rsquo;aide logistique, etc. Nous demandons \u00e0 tous les congolais (Congo-Brazzaville) de nous [&hellip;]<\/p>\n","protected":false},"author":1,"featured_media":0,"parent":0,"menu_order":0,"comment_status":"closed","ping_status":"closed","template":"","meta":{"footnotes":""},"class_list":["post-299","page","type-page","status-publish","hentry"],"_links":{"self":[{"href":"https:\/\/www.fecudep.quest\/index.php?rest_route=\/wp\/v2\/pages\/299","targetHints":{"allow":["GET"]}}],"collection":[{"href":"https:\/\/www.fecudep.quest\/index.php?rest_route=\/wp\/v2\/pages"}],"about":[{"href":"https:\/\/www.fecudep.quest\/index.php?rest_route=\/wp\/v2\/types\/page"}],"author":[{"embeddable":true,"href":"https:\/\/www.fecudep.quest\/index.php?rest_route=\/wp\/v2\/users\/1"}],"replies":[{"embeddable":true,"href":"https:\/\/www.fecudep.quest\/index.php?rest_route=%2Fwp%2Fv2%2Fcomments&post=299"}],"version-history":[{"count":6,"href":"https:\/\/www.fecudep.quest\/index.php?rest_route=\/wp\/v2\/pages\/299\/revisions"}],"predecessor-version":[{"id":331,"href":"https:\/\/www.fecudep.quest\/index.php?rest_route=\/wp\/v2\/pages\/299\/revisions\/331"}],"wp:attachment":[{"href":"https:\/\/www.fecudep.quest\/index.php?rest_route=%2Fwp%2Fv2%2Fmedia&parent=299"}],"curies":[{"name":"wp","href":"https:\/\/api.w.org\/{rel}","templated":true}]}}